{"id":953,"date":"2026-01-26T13:30:42","date_gmt":"2026-01-26T13:30:42","guid":{"rendered":"https:\/\/stellarwebcraft.com\/?page_id=953"},"modified":"2026-01-26T17:08:04","modified_gmt":"2026-01-26T17:08:04","slug":"accueil-2","status":"publish","type":"page","link":"https:\/\/stellarwebcraft.com\/?page_id=953","title":{"rendered":"Accueil"},"content":{"rendered":"<p><img fetchpriority=\"high\" decoding=\"async\" width=\"680\" height=\"383\" src=\"https:\/\/stellarwebcraft.com\/wp-content\/uploads\/2026\/01\/Black-Gray-Simple-Vlogger-YouTube-Banner-1024x576.png\" alt=\"\" srcset=\"https:\/\/stellarwebcraft.com\/wp-content\/uploads\/2026\/01\/Black-Gray-Simple-Vlogger-YouTube-Banner-1024x576.png 1024w, https:\/\/stellarwebcraft.com\/wp-content\/uploads\/2026\/01\/Black-Gray-Simple-Vlogger-YouTube-Banner-300x169.png 300w, https:\/\/stellarwebcraft.com\/wp-content\/uploads\/2026\/01\/Black-Gray-Simple-Vlogger-YouTube-Banner-768x432.png 768w, https:\/\/stellarwebcraft.com\/wp-content\/uploads\/2026\/01\/Black-Gray-Simple-Vlogger-YouTube-Banner-1536x864.png 1536w, https:\/\/stellarwebcraft.com\/wp-content\/uploads\/2026\/01\/Black-Gray-Simple-Vlogger-YouTube-Banner-2048x1152.png 2048w, https:\/\/stellarwebcraft.com\/wp-content\/uploads\/2026\/01\/Black-Gray-Simple-Vlogger-YouTube-Banner-600x338.png 600w\" sizes=\"(max-width: 680px) 100vw, 680px\" \/><\/p>\n\n\n\n\n<div class=\"wp-block-group alignfull is-content-justification-center\" style=\"margin-top:0;margin-bottom:0;padding-top:calc( 0.5 * var(--wp--style--root--padding-right, var(--wp--custom--gap--horizontal)));padding-right:var(--wp--style--root--padding-right, var(--wp--custom--gap--horizontal));padding-bottom:calc( 0.5 * var(--wp--style--root--padding-right, var(--wp--custom--gap--horizontal)));padding-left:var(--wp--style--root--padding-left, var(--wp--custom--gap--horizontal))\"><div class=\"wp-block-group__inner-container is-layout-constrained wp-container-core-group-is-layout-2dc3bf18 wp-block-group-is-layout-constrained\">\n<div style=\"height:calc( 0.25 * var(--wp--style--root--padding-right, var(--wp--custom--gap--horizontal)))\" aria-hidden=\"true\" class=\"wp-block-spacer\"><\/div>\n\n\n\n<div class=\"wp-block-columns alignwide is-layout-flex wp-container-core-columns-is-layout-46a0f0d8 wp-block-columns-is-layout-flex\">\n<div class=\"wp-block-column is-vertically-aligned-center is-content-justification-left is-layout-constrained wp-container-core-column-is-layout-5b90ffe1 wp-block-column-is-layout-constrained\" style=\"flex-basis:40%\">\n<h2 class=\"wp-block-heading\">Cr\u00e9ez votre style avec vos chaussures pr\u00e9f\u00e9r\u00e9es<\/h2>\n\n\n\n<p class=\"wp-block-paragraph\">Naviguer dans les m\u00e9andres de la vie, faire des choix qui vous ouvrent la voie vers l\u2019extraordinaire, exigeant cr\u00e9ativit\u00e9, curiosit\u00e9 et courage pour un parcours de vie vraiment gratifiant.<\/p>\n\n\n\n<div class=\"wp-block-buttons is-layout-flex wp-block-buttons-is-layout-flex\">\n<div class=\"wp-block-button\"><a class=\"wp-block-button__link has-black-background-color has-background wp-element-button\">Passez commande<\/a><\/div>\n<\/div>\n<\/div>\n\n\n\n<div class=\"wp-block-column is-layout-flow wp-block-column-is-layout-flow\">\n<div class=\"wp-block-columns alignwide is-layout-flex wp-container-core-columns-is-layout-732b0a78 wp-block-columns-is-layout-flex\">\n<div class=\"wp-block-column is-layout-flow wp-block-column-is-layout-flow\">\n<figure class=\"wp-block-gallery has-nested-images columns-default is-cropped wp-block-gallery-2 is-layout-flex wp-block-gallery-is-layout-flex\">\n<figure class=\"wp-block-image size-full wp-duotone-unset-1\"><img decoding=\"async\" width=\"580\" height=\"538\" data-id=\"892\" src=\"https:\/\/stellarwebcraft.com\/wp-content\/uploads\/2026\/01\/Capture-decran-du-2026-01-20-17-55-12.png\" alt=\"\" class=\"wp-image-892\" srcset=\"https:\/\/stellarwebcraft.com\/wp-content\/uploads\/2026\/01\/Capture-decran-du-2026-01-20-17-55-12.png 580w, https:\/\/stellarwebcraft.com\/wp-content\/uploads\/2026\/01\/Capture-decran-du-2026-01-20-17-55-12-350x325.png 350w, https:\/\/stellarwebcraft.com\/wp-content\/uploads\/2026\/01\/Capture-decran-du-2026-01-20-17-55-12-300x278.png 300w\" sizes=\"(max-width: 580px) 100vw, 580px\" \/><\/figure>\n<\/figure>\n\n\n\n<figure class=\"wp-block-image size-full is-style-default\"><img decoding=\"async\" width=\"1080\" height=\"1440\" src=\"https:\/\/stellarwebcraft.com\/wp-content\/uploads\/2026\/01\/D-U-F-SD-C-PVC-1603_1.png\" alt=\"\" class=\"wp-image-895\" style=\"aspect-ratio:1;object-fit:cover\" srcset=\"https:\/\/stellarwebcraft.com\/wp-content\/uploads\/2026\/01\/D-U-F-SD-C-PVC-1603_1.png 1080w, https:\/\/stellarwebcraft.com\/wp-content\/uploads\/2026\/01\/D-U-F-SD-C-PVC-1603_1-350x467.png 350w, https:\/\/stellarwebcraft.com\/wp-content\/uploads\/2026\/01\/D-U-F-SD-C-PVC-1603_1-600x800.png 600w, https:\/\/stellarwebcraft.com\/wp-content\/uploads\/2026\/01\/D-U-F-SD-C-PVC-1603_1-225x300.png 225w, https:\/\/stellarwebcraft.com\/wp-content\/uploads\/2026\/01\/D-U-F-SD-C-PVC-1603_1-768x1024.png 768w\" sizes=\"(max-width: 1080px) 100vw, 1080px\" \/><\/figure>\n<\/div>\n\n\n\n<div class=\"wp-block-column is-layout-flow wp-block-column-is-layout-flow\">\n<figure class=\"wp-block-image size-full is-style-default\"><img loading=\"lazy\" decoding=\"async\" width=\"551\" height=\"357\" src=\"https:\/\/stellarwebcraft.com\/wp-content\/uploads\/2026\/01\/Capture-decran-du-2026-01-20-09-55-13.png\" alt=\"\" class=\"wp-image-878\" style=\"aspect-ratio:1;object-fit:cover\" srcset=\"https:\/\/stellarwebcraft.com\/wp-content\/uploads\/2026\/01\/Capture-decran-du-2026-01-20-09-55-13.png 551w, https:\/\/stellarwebcraft.com\/wp-content\/uploads\/2026\/01\/Capture-decran-du-2026-01-20-09-55-13-350x227.png 350w, https:\/\/stellarwebcraft.com\/wp-content\/uploads\/2026\/01\/Capture-decran-du-2026-01-20-09-55-13-300x194.png 300w\" sizes=\"(max-width: 551px) 100vw, 551px\" \/><\/figure>\n\n\n\n<figure class=\"wp-block-image size-full is-style-default\"><img loading=\"lazy\" decoding=\"async\" width=\"236\" height=\"214\" src=\"https:\/\/stellarwebcraft.com\/wp-content\/uploads\/2026\/01\/My-shoes-product-one.jpeg\" alt=\"\" class=\"wp-image-901\" style=\"aspect-ratio:1;object-fit:cover\"\/><\/figure>\n<\/div>\n<\/div>\n<\/div>\n<\/div>\n\n\n\n<div style=\"height:calc( 0.25 * var(--wp--style--root--padding-right, var(--wp--custom--gap--horizontal)))\" aria-hidden=\"true\" class=\"wp-block-spacer\"><\/div>\n<\/div><\/div>\n","protected":false},"excerpt":{"rendered":"<p>Cr\u00e9ez votre style avec vos chaussures pr\u00e9f\u00e9r\u00e9es Naviguer dans les m\u00e9andres de la vie, faire des choix qui vous ouvrent la voie vers l\u2019extraordinaire, exigeant cr\u00e9ativit\u00e9, curiosit\u00e9 et courage pour un parcours de vie vraiment gratifiant.<\/p>\n","protected":false},"author":1,"featured_media":0,"parent":0,"menu_order":0,"comment_status":"closed","ping_status":"closed","template":"","meta":{"_crdt_document":"","footnotes":""},"class_list":["post-953","page","type-page","status-publish","hentry"],"yoast_head":"<!-- This site is optimized with the Yoast SEO plugin v27.4 - https:\/\/yoast.com\/product\/yoast-seo-wordpress\/ -->\n<title>Accueil -<\/title>\n<meta name=\"robots\" content=\"index, follow, max-snippet:-1, max-image-preview:large, max-video-preview:-1\" \/>\n<link rel=\"canonical\" href=\"https:\/\/stellarwebcraft.com\/?page_id=953\" \/>\n<meta property=\"og:locale\" content=\"fr_FR\" \/>\n<meta property=\"og:type\" content=\"article\" \/>\n<meta property=\"og:title\" content=\"Accueil -\" \/>\n<meta property=\"og:description\" content=\"Cr\u00e9ez votre style avec vos chaussures pr\u00e9f\u00e9r\u00e9es Naviguer dans les m\u00e9andres de la vie, faire des choix qui vous ouvrent la voie vers l\u2019extraordinaire, exigeant cr\u00e9ativit\u00e9, curiosit\u00e9 et courage pour un parcours de vie vraiment gratifiant.\" \/>\n<meta property=\"og:url\" content=\"https:\/\/stellarwebcraft.com\/?page_id=953\" \/>\n<meta property=\"article:publisher\" content=\"https:\/\/www.facebook.com\/RealFlightSimulator\" \/>\n<meta property=\"article:modified_time\" content=\"2026-01-26T17:08:04+00:00\" \/>\n<meta property=\"og:image\" content=\"https:\/\/stellarwebcraft.com\/wp-content\/uploads\/2026\/01\/Black-Gray-Simple-Vlogger-YouTube-Banner-1024x576.png\" \/>\n<meta name=\"twitter:card\" content=\"summary_large_image\" \/>\n<meta name=\"twitter:label1\" content=\"Dur\u00e9e de lecture estim\u00e9e\" \/>\n\t<meta name=\"twitter:data1\" content=\"2 minutes\" \/>\n<script type=\"application\/ld+json\" class=\"yoast-schema-graph\">{\"@context\":\"https:\\\/\\\/schema.org\",\"@graph\":[{\"@type\":\"WebPage\",\"@id\":\"https:\\\/\\\/stellarwebcraft.com\\\/?page_id=953\",\"url\":\"https:\\\/\\\/stellarwebcraft.com\\\/?page_id=953\",\"name\":\"Accueil -\",\"isPartOf\":{\"@id\":\"https:\\\/\\\/stellarwebcraft.com\\\/#website\"},\"primaryImageOfPage\":{\"@id\":\"https:\\\/\\\/stellarwebcraft.com\\\/?page_id=953#primaryimage\"},\"image\":{\"@id\":\"https:\\\/\\\/stellarwebcraft.com\\\/?page_id=953#primaryimage\"},\"thumbnailUrl\":\"https:\\\/\\\/stellarwebcraft.com\\\/wp-content\\\/uploads\\\/2026\\\/01\\\/Black-Gray-Simple-Vlogger-YouTube-Banner-1024x576.png\",\"datePublished\":\"2026-01-26T13:30:42+00:00\",\"dateModified\":\"2026-01-26T17:08:04+00:00\",\"breadcrumb\":{\"@id\":\"https:\\\/\\\/stellarwebcraft.com\\\/?page_id=953#breadcrumb\"},\"inLanguage\":\"fr-FR\",\"potentialAction\":[{\"@type\":\"ReadAction\",\"target\":[\"https:\\\/\\\/stellarwebcraft.com\\\/?page_id=953\"]}]},{\"@type\":\"ImageObject\",\"inLanguage\":\"fr-FR\",\"@id\":\"https:\\\/\\\/stellarwebcraft.com\\\/?page_id=953#primaryimage\",\"url\":\"https:\\\/\\\/stellarwebcraft.com\\\/wp-content\\\/uploads\\\/2026\\\/01\\\/Black-Gray-Simple-Vlogger-YouTube-Banner.png\",\"contentUrl\":\"https:\\\/\\\/stellarwebcraft.com\\\/wp-content\\\/uploads\\\/2026\\\/01\\\/Black-Gray-Simple-Vlogger-YouTube-Banner.png\",\"width\":2560,\"height\":1440},{\"@type\":\"BreadcrumbList\",\"@id\":\"https:\\\/\\\/stellarwebcraft.com\\\/?page_id=953#breadcrumb\",\"itemListElement\":[{\"@type\":\"ListItem\",\"position\":1,\"name\":\"Home\",\"item\":\"https:\\\/\\\/stellarwebcraft.com\\\/\"},{\"@type\":\"ListItem\",\"position\":2,\"name\":\"Accueil\"}]},{\"@type\":\"WebSite\",\"@id\":\"https:\\\/\\\/stellarwebcraft.com\\\/#website\",\"url\":\"https:\\\/\\\/stellarwebcraft.com\\\/\",\"name\":\"Stellar Webcraft\",\"description\":\"Surf et sport\",\"publisher\":{\"@id\":\"https:\\\/\\\/stellarwebcraft.com\\\/#organization\"},\"alternateName\":\"Agence Webflow & Wordpress\",\"potentialAction\":[{\"@type\":\"SearchAction\",\"target\":{\"@type\":\"EntryPoint\",\"urlTemplate\":\"https:\\\/\\\/stellarwebcraft.com\\\/?s={search_term_string}\"},\"query-input\":{\"@type\":\"PropertyValueSpecification\",\"valueRequired\":true,\"valueName\":\"search_term_string\"}}],\"inLanguage\":\"fr-FR\"},{\"@type\":\"Organization\",\"@id\":\"https:\\\/\\\/stellarwebcraft.com\\\/#organization\",\"name\":\"Stellar webcraft\",\"alternateName\":\"Agence Webflow & Wordpress\",\"url\":\"https:\\\/\\\/stellarwebcraft.com\\\/\",\"logo\":{\"@type\":\"ImageObject\",\"inLanguage\":\"fr-FR\",\"@id\":\"https:\\\/\\\/stellarwebcraft.com\\\/#\\\/schema\\\/logo\\\/image\\\/\",\"url\":\"https:\\\/\\\/stellarwebcraft.com\\\/wp-content\\\/uploads\\\/2025\\\/12\\\/Fond-Web-stellar-version-stellar.png\",\"contentUrl\":\"https:\\\/\\\/stellarwebcraft.com\\\/wp-content\\\/uploads\\\/2025\\\/12\\\/Fond-Web-stellar-version-stellar.png\",\"width\":500,\"height\":500,\"caption\":\"Stellar webcraft\"},\"image\":{\"@id\":\"https:\\\/\\\/stellarwebcraft.com\\\/#\\\/schema\\\/logo\\\/image\\\/\"},\"sameAs\":[\"https:\\\/\\\/www.facebook.com\\\/RealFlightSimulator\",\"https:\\\/\\\/mysticstarseeds.fr\\\/\"]}]}<\/script>\n<!-- \/ Yoast SEO plugin. -->","yoast_head_json":{"title":"Accueil -","robots":{"index":"index","follow":"follow","max-snippet":"max-snippet:-1","max-image-preview":"max-image-preview:large","max-video-preview":"max-video-preview:-1"},"canonical":"https:\/\/stellarwebcraft.com\/?page_id=953","og_locale":"fr_FR","og_type":"article","og_title":"Accueil -","og_description":"Cr\u00e9ez votre style avec vos chaussures pr\u00e9f\u00e9r\u00e9es Naviguer dans les m\u00e9andres de la vie, faire des choix qui vous ouvrent la voie vers l\u2019extraordinaire, exigeant cr\u00e9ativit\u00e9, curiosit\u00e9 et courage pour un parcours de vie vraiment gratifiant.","og_url":"https:\/\/stellarwebcraft.com\/?page_id=953","article_publisher":"https:\/\/www.facebook.com\/RealFlightSimulator","article_modified_time":"2026-01-26T17:08:04+00:00","og_image":[{"url":"https:\/\/stellarwebcraft.com\/wp-content\/uploads\/2026\/01\/Black-Gray-Simple-Vlogger-YouTube-Banner-1024x576.png","type":"","width":"","height":""}],"twitter_card":"summary_large_image","twitter_misc":{"Dur\u00e9e de lecture estim\u00e9e":"2 minutes"},"schema":{"@context":"https:\/\/schema.org","@graph":[{"@type":"WebPage","@id":"https:\/\/stellarwebcraft.com\/?page_id=953","url":"https:\/\/stellarwebcraft.com\/?page_id=953","name":"Accueil -","isPartOf":{"@id":"https:\/\/stellarwebcraft.com\/#website"},"primaryImageOfPage":{"@id":"https:\/\/stellarwebcraft.com\/?page_id=953#primaryimage"},"image":{"@id":"https:\/\/stellarwebcraft.com\/?page_id=953#primaryimage"},"thumbnailUrl":"https:\/\/stellarwebcraft.com\/wp-content\/uploads\/2026\/01\/Black-Gray-Simple-Vlogger-YouTube-Banner-1024x576.png","datePublished":"2026-01-26T13:30:42+00:00","dateModified":"2026-01-26T17:08:04+00:00","breadcrumb":{"@id":"https:\/\/stellarwebcraft.com\/?page_id=953#breadcrumb"},"inLanguage":"fr-FR","potentialAction":[{"@type":"ReadAction","target":["https:\/\/stellarwebcraft.com\/?page_id=953"]}]},{"@type":"ImageObject","inLanguage":"fr-FR","@id":"https:\/\/stellarwebcraft.com\/?page_id=953#primaryimage","url":"https:\/\/stellarwebcraft.com\/wp-content\/uploads\/2026\/01\/Black-Gray-Simple-Vlogger-YouTube-Banner.png","contentUrl":"https:\/\/stellarwebcraft.com\/wp-content\/uploads\/2026\/01\/Black-Gray-Simple-Vlogger-YouTube-Banner.png","width":2560,"height":1440},{"@type":"BreadcrumbList","@id":"https:\/\/stellarwebcraft.com\/?page_id=953#breadcrumb","itemListElement":[{"@type":"ListItem","position":1,"name":"Home","item":"https:\/\/stellarwebcraft.com\/"},{"@type":"ListItem","position":2,"name":"Accueil"}]},{"@type":"WebSite","@id":"https:\/\/stellarwebcraft.com\/#website","url":"https:\/\/stellarwebcraft.com\/","name":"Stellar Webcraft","description":"Surf et sport","publisher":{"@id":"https:\/\/stellarwebcraft.com\/#organization"},"alternateName":"Agence Webflow & Wordpress","potentialAction":[{"@type":"SearchAction","target":{"@type":"EntryPoint","urlTemplate":"https:\/\/stellarwebcraft.com\/?s={search_term_string}"},"query-input":{"@type":"PropertyValueSpecification","valueRequired":true,"valueName":"search_term_string"}}],"inLanguage":"fr-FR"},{"@type":"Organization","@id":"https:\/\/stellarwebcraft.com\/#organization","name":"Stellar webcraft","alternateName":"Agence Webflow & Wordpress","url":"https:\/\/stellarwebcraft.com\/","logo":{"@type":"ImageObject","inLanguage":"fr-FR","@id":"https:\/\/stellarwebcraft.com\/#\/schema\/logo\/image\/","url":"https:\/\/stellarwebcraft.com\/wp-content\/uploads\/2025\/12\/Fond-Web-stellar-version-stellar.png","contentUrl":"https:\/\/stellarwebcraft.com\/wp-content\/uploads\/2025\/12\/Fond-Web-stellar-version-stellar.png","width":500,"height":500,"caption":"Stellar webcraft"},"image":{"@id":"https:\/\/stellarwebcraft.com\/#\/schema\/logo\/image\/"},"sameAs":["https:\/\/www.facebook.com\/RealFlightSimulator","https:\/\/mysticstarseeds.fr\/"]}]}},"_hostinger_reach_plugin_has_subscription_block":false,"_hostinger_reach_plugin_is_elementor":false,"_links":{"self":[{"href":"https:\/\/stellarwebcraft.com\/index.php?rest_route=\/wp\/v2\/pages\/953","targetHints":{"allow":["GET"]}}],"collection":[{"href":"https:\/\/stellarwebcraft.com\/index.php?rest_route=\/wp\/v2\/pages"}],"about":[{"href":"https:\/\/stellarwebcraft.com\/index.php?rest_route=\/wp\/v2\/types\/page"}],"author":[{"embeddable":true,"href":"https:\/\/stellarwebcraft.com\/index.php?rest_route=\/wp\/v2\/users\/1"}],"replies":[{"embeddable":true,"href":"https:\/\/stellarwebcraft.com\/index.php?rest_route=%2Fwp%2Fv2%2Fcomments&post=953"}],"version-history":[{"count":13,"href":"https:\/\/stellarwebcraft.com\/index.php?rest_route=\/wp\/v2\/pages\/953\/revisions"}],"predecessor-version":[{"id":1216,"href":"https:\/\/stellarwebcraft.com\/index.php?rest_route=\/wp\/v2\/pages\/953\/revisions\/1216"}],"wp:attachment":[{"href":"https:\/\/stellarwebcraft.com\/index.php?rest_route=%2Fwp%2Fv2%2Fmedia&parent=953"}],"curies":[{"name":"wp","href":"https:\/\/api.w.org\/{rel}","templated":true}]}}